{"id":987498266,"date":"2026-02-18T19:21:49","date_gmt":"2026-02-18T19:21:49","guid":{"rendered":"https:\/\/sitenhazir.net\/flat\/?post_type=product&#038;p=987498266"},"modified":"2026-02-18T19:23:16","modified_gmt":"2026-02-18T19:23:16","slug":"herbalife-pro-drink","status":"publish","type":"product","link":"https:\/\/sitenhazir.net\/flat\/urun\/herbalife-pro-drink\/","title":{"rendered":"Herbalife Pro-Drink"},"content":{"rendered":"<p>Pro-Drink:<\/p>\n<ul>\n<li>%100 vegand\u0131r<\/li>\n<li>Porsiyon ba\u015f\u0131na 15 gram protein i\u00e7erir*<\/li>\n<li>21 vitamin ve mineral i\u00e7erir<\/li>\n<li>Glutensizdir<\/li>\n<li>Diledi\u011finiz yerde t\u00fcketime uygundur<\/li>\n<li>19 porsiyon i\u00e7erir<\/li>\n<\/ul>\n<p><a href=\"https:\/\/www.herbalurunleri.tr\/wp-content\/uploads\/2025\/10\/pp-pdm-vanilla-1.webp\" rel=\"noopener\"><img loading=\"lazy\" decoding=\"async\" class=\"alignnone size-full wp-image-987497171\" src=\"https:\/\/www.herbalurunleri.tr\/wp-content\/uploads\/2025\/10\/pp-pdm-vanilla-1.webp\" alt=\"\" width=\"875\" height=\"783\" \/><\/a><\/p>\n","protected":false},"excerpt":{"rendered":"<p>Pro-Drink ile g\u00fcnl\u00fck protein ve vitamin &amp; mineral al\u0131m\u0131n\u0131z\u0131 destekleyin.<\/p>\n<p>Pro-Drink %100 bitki bazl\u0131, y\u00fcksek proteinli, glutensiz aromal\u0131 bir i\u00e7ecek tozudur. Bu \u00fcr\u00fcn\u00fc, her 28 gram ile haz\u0131rlanan porsiyonunda 14 gram protein ve 21 temel vitamin ve mineral i\u00e7eren y\u00fcksek proteinli bir at\u0131\u015ft\u0131rmal\u0131k olarak tek ba\u015f\u0131na t\u00fcketebilir veya ekstra protein al\u0131m\u0131 i\u00e7in en sevdi\u011finiz shake veya smoothie&#8217;nize ekleyebilirsiniz.<\/p>\n<p>Bu \u00e7ok y\u00f6nl\u00fc y\u00fcksek proteinli aromal\u0131 i\u00e7ecek tozunu g\u00fcnl\u00fck rutininize kolayca dahil edin. Pro-Drink, hafif bir vanilya aromas\u0131na sahiptir ve ya\u015fam tarz\u0131n\u0131za, damak zevkinize ve beslenme ihtiya\u00e7lar\u0131n\u0131za g\u00f6re \u00f6zelle\u015ftirilebilir. Vegan bir i\u00e7ecek i\u00e7in suyla kar\u0131\u015ft\u0131r\u0131n veya en sevdi\u011finiz Form\u00fcl 1 \u00d6\u011f\u00fcn Yerine Ge\u00e7en Besleyici Shake Kar\u0131\u015f\u0131m\u0131&#8217;n\u0131za ekleyin.<\/p>\n<p>Haz\u0131rlamas\u0131 h\u0131zl\u0131 ve kolay, vanilya aromal\u0131 y\u00fcksek proteinli aromal\u0131 i\u00e7ecek tozu ile g\u00fcnl\u00fck protein al\u0131m\u0131n\u0131z\u0131 art\u0131r\u0131n. Beslenme ihtiya\u00e7lar\u0131n\u0131z\u0131 kontrol alt\u0131na al\u0131n ve ihtiya\u00e7 duydu\u011funuz her an protein takviyesi al\u0131n.<\/p>\n","protected":false},"featured_media":987498310,"comment_status":"open","ping_status":"closed","template":"","meta":[],"product_brand":[],"product_cat":[541,100],"product_tag":[],"class_list":{"0":"post-987498266","1":"product","2":"type-product","3":"status-publish","4":"has-post-thumbnail","6":"product_cat-icecekler-ve-caylar","7":"product_cat-tum-urunler","9":"first","10":"instock","11":"sale","12":"taxable","13":"shipping-taxable","14":"purchasable","15":"product-type-simple"},"_links":{"self":[{"href":"https:\/\/sitenhazir.net\/flat\/wp-json\/wp\/v2\/product\/987498266","targetHints":{"allow":["GET"]}}],"collection":[{"href":"https:\/\/sitenhazir.net\/flat\/wp-json\/wp\/v2\/product"}],"about":[{"href":"https:\/\/sitenhazir.net\/flat\/wp-json\/wp\/v2\/types\/product"}],"replies":[{"embeddable":true,"href":"https:\/\/sitenhazir.net\/flat\/wp-json\/wp\/v2\/comments?post=987498266"}],"wp:featuredmedia":[{"embeddable":true,"href":"https:\/\/sitenhazir.net\/flat\/wp-json\/wp\/v2\/media\/987498310"}],"wp:attachment":[{"href":"https:\/\/sitenhazir.net\/flat\/wp-json\/wp\/v2\/media?parent=987498266"}],"wp:term":[{"taxonomy":"product_brand","embeddable":true,"href":"https:\/\/sitenhazir.net\/flat\/wp-json\/wp\/v2\/product_brand?post=987498266"},{"taxonomy":"product_cat","embeddable":true,"href":"https:\/\/sitenhazir.net\/flat\/wp-json\/wp\/v2\/product_cat?post=987498266"},{"taxonomy":"product_tag","embeddable":true,"href":"https:\/\/sitenhazir.net\/flat\/wp-json\/wp\/v2\/product_tag?post=987498266"}],"curies":[{"name":"wp","href":"https:\/\/api.w.org\/{rel}","templated":true}]}}