{"id":987498245,"date":"2026-02-18T19:21:22","date_gmt":"2026-02-18T19:21:22","guid":{"rendered":"https:\/\/sitenhazir.net\/flat\/?post_type=product&#038;p=987498245"},"modified":"2026-02-18T19:22:31","modified_gmt":"2026-02-18T19:22:31","slug":"herbalife-skin-nane-ozlu-arindirici-kil-maskesi","status":"publish","type":"product","link":"https:\/\/sitenhazir.net\/flat\/urun\/herbalife-skin-nane-ozlu-arindirici-kil-maskesi\/","title":{"rendered":"Herbalife Skin Nane \u00d6zl\u00fc Ar\u0131nd\u0131r\u0131c\u0131 Kil Maskesi"},"content":{"rendered":"<p>Bu l\u00fcks, zengin ve kremsi bentonit kili maskesi, cildi temizler, kirleri \u00e7eker ve fazla ya\u011f\u0131 emer. \u0130\u00e7eri\u011findeki nane ve biberiye, maskenin ferahlat\u0131c\u0131 kokusunu olu\u015fturur. T\u00fcm cilt tipleri i\u00e7in uygundur ve dermatolojik olarak test edilmi\u015ftir. \u0130lave paraben i\u00e7ermez.<\/p>\n<p>Herbalife SKIN Nane \u00d6zl\u00fc Ar\u0131nd\u0131r\u0131c\u0131 Kil Maskesi, erkekler ve kad\u0131nlar i\u00e7in uygundur. Ciltteki fazla ya\u011f\u0131 ve kirleri temizlemek isteyen herkes taraf\u0131ndan kullan\u0131labilir.Herbalife Skin Nane \u00d6zl\u00fc Ar\u0131nd\u0131r\u0131c\u0131 Kil Maskesi \u0130\u00e7indekiler<\/p>\n<ul>\n<li><strong>Bentonit Kil:<\/strong> Kirleri ve fazla ya\u011f\u0131 emer, cildi temizler.<\/li>\n<li><strong>Nane ve Biberiye \u00d6zleri:<\/strong> Ferahlat\u0131c\u0131 ve canland\u0131r\u0131c\u0131 etki sa\u011flar.<\/li>\n<li><strong>Niacinamide, C ve E Vitaminleri:<\/strong> Cildi besler ve korur.<\/li>\n<li><strong>Aloe Vera:<\/strong> Cildi nemlendirir ve yat\u0131\u015ft\u0131r\u0131r.<\/li>\n<\/ul>\n<p>Herbalife Skin Nane \u00d6zl\u00fc Ar\u0131nd\u0131r\u0131c\u0131 Kil Maskesi Kullan\u0131m\u0131<\/p>\n<p>Temizlenmi\u015f cilde uygulay\u0131n, kurumaya b\u0131rak\u0131n ve ard\u0131ndan \u0131l\u0131k su ile y\u0131kay\u0131n. Haftada bir ila \u00fc\u00e7 kez kullan\u0131lmas\u0131 \u00f6nerilir. Maskeyi y\u00fcz\u00fcn\u00fczden uzak tutarak g\u00f6z ve dudak \u00e7evresine uygulay\u0131n. Y\u00fcz\u00fcn\u00fczdeki \u0131\u015f\u0131lt\u0131y\u0131 ve p\u00fcr\u00fczs\u00fczl\u00fc\u011f\u00fc hissedin.<\/p>\n<p>Herbalife Nane \u00d6zl\u00fc Ar\u0131nd\u0131r\u0131c\u0131 Kil Maskesi, tek kullan\u0131mdan itibaren g\u00f6zenek g\u00f6r\u00fcn\u00fcm\u00fcnde iyile\u015fme sa\u011flad\u0131\u011f\u0131 klinik olarak test edilmi\u015ftir. Nane ve biberiye \u00f6zleriyle duyular\u0131n\u0131z\u0131 canland\u0131r\u0131rken, cildinizi temizler ve ar\u0131nd\u0131r\u0131r. Cildinizi nemlendirmek ve g\u00fcnl\u00fck bak\u0131m\u0131n\u0131z\u0131 tamamlamak i\u00e7in Herbalife SKIN serum ve nemlendiricileri ile birlikte kullanabilirsiniz.<\/p>\n","protected":false},"excerpt":{"rendered":"<p>Herbalife Skin Nane \u00d6zl\u00fc Ar\u0131nd\u0131r\u0131c\u0131 Kil Maskesi, cildi temizler, g\u00f6zenekleri derinlemesine temizler ve fazla ya\u011f\u0131 emerek cildin tazelik kazanmas\u0131na yard\u0131mc\u0131 olan etkili bir y\u00fcz maskesidir. Nane ve biberiye \u00f6zleriyle zenginle\u015ftirilmi\u015f bentonit kil i\u00e7eri\u011fi, cildi ar\u0131nd\u0131r\u0131rken duyular\u0131n\u0131z\u0131 canland\u0131r\u0131r.<\/p>\n","protected":false},"featured_media":987498292,"comment_status":"open","ping_status":"closed","template":"","meta":[],"product_brand":[],"product_cat":[556,554,100],"product_tag":[],"class_list":{"0":"post-987498245","1":"product","2":"type-product","3":"status-publish","4":"has-post-thumbnail","6":"product_cat-cilt-bakimi","7":"product_cat-kisisel-bakim","8":"product_cat-tum-urunler","10":"first","11":"instock","12":"sale","13":"taxable","14":"shipping-taxable","15":"purchasable","16":"product-type-simple"},"_links":{"self":[{"href":"https:\/\/sitenhazir.net\/flat\/wp-json\/wp\/v2\/product\/987498245","targetHints":{"allow":["GET"]}}],"collection":[{"href":"https:\/\/sitenhazir.net\/flat\/wp-json\/wp\/v2\/product"}],"about":[{"href":"https:\/\/sitenhazir.net\/flat\/wp-json\/wp\/v2\/types\/product"}],"replies":[{"embeddable":true,"href":"https:\/\/sitenhazir.net\/flat\/wp-json\/wp\/v2\/comments?post=987498245"}],"wp:featuredmedia":[{"embeddable":true,"href":"https:\/\/sitenhazir.net\/flat\/wp-json\/wp\/v2\/media\/987498292"}],"wp:attachment":[{"href":"https:\/\/sitenhazir.net\/flat\/wp-json\/wp\/v2\/media?parent=987498245"}],"wp:term":[{"taxonomy":"product_brand","embeddable":true,"href":"https:\/\/sitenhazir.net\/flat\/wp-json\/wp\/v2\/product_brand?post=987498245"},{"taxonomy":"product_cat","embeddable":true,"href":"https:\/\/sitenhazir.net\/flat\/wp-json\/wp\/v2\/product_cat?post=987498245"},{"taxonomy":"product_tag","embeddable":true,"href":"https:\/\/sitenhazir.net\/flat\/wp-json\/wp\/v2\/product_tag?post=987498245"}],"curies":[{"name":"wp","href":"https:\/\/api.w.org\/{rel}","templated":true}]}}