{"id":987498198,"date":"2026-02-18T19:20:01","date_gmt":"2026-02-18T19:20:01","guid":{"rendered":"https:\/\/sitenhazir.net\/flat\/?post_type=product&#038;p=987498198"},"modified":"2026-02-18T19:21:19","modified_gmt":"2026-02-18T19:21:19","slug":"herbalife-herbal-aloe-guclendirici-sac-kremi","status":"publish","type":"product","link":"https:\/\/sitenhazir.net\/flat\/urun\/herbalife-herbal-aloe-guclendirici-sac-kremi\/","title":{"rendered":"Herbalife Herbal Aloe G\u00fc\u00e7lendirici Sa\u00e7 Kremi"},"content":{"rendered":"<p>Herbal Aloe G\u00fc\u00e7lendirici Sa\u00e7 Kremi ile sa\u00e7\u0131n\u0131za hak etti\u011fi bak\u0131m\u0131 verin.<\/p>\n<p>Herbal Aloe G\u00fc\u00e7lendirici Sa\u00e7 Kremi, sa\u00e7\u0131n\u0131z\u0131 derinlemesine beslemek ve nemlendirmek i\u00e7in\u00a0<em>Aloe vera<\/em>\u00a0ve se\u00e7ilmi\u015f botanik \u00f6zlerle ustal\u0131kla haz\u0131rlanm\u0131\u015ft\u0131r. Bu renk koruyucu form\u00fcl ayn\u0131 zamanda sa\u00e7\u0131n\u0131z\u0131 korumaya, onarmaya ve g\u00fc\u00e7lendirmeye yard\u0131mc\u0131 olmak i\u00e7in hidrolize bu\u011fday proteini kullan\u0131larak \u00fcretilmi\u015ftir ve sadece bir kullan\u0131mdan sonra daha yumu\u015fak ve ipeksi bir his b\u0131rak\u0131r.*<\/p>\n<p>Sa\u00e7lar\u0131n\u0131z ister d\u00fcz, ister k\u0131v\u0131rc\u0131k, ister dalgal\u0131 olsun Herbal Aloe G\u00fc\u00e7lendirici Sa\u00e7 Kremi t\u00fcm sa\u00e7 tipleri i\u00e7in uygundur. Sa\u00e7\u0131n\u0131za ihtiyac\u0131 olan beslemeyi sa\u011flamak i\u00e7in tasarlanm\u0131\u015f sa\u00e7 kreminin l\u00fcks, derin nemlendiricili\u011fini deneyimleyin ve canland\u0131r\u0131c\u0131 kokusunun tad\u0131n\u0131 \u00e7\u0131kar\u0131n.<\/p>\n<p><em>*Herbal Aloe G\u00fc\u00e7lendirici \u015eampuan ile birlikte kullan\u0131ld\u0131\u011f\u0131nda i\u015flem g\u00f6rmemi\u015f sa\u00e7larda G\u00fc\u00e7lendirme ve K\u0131r\u0131lma \u00c7al\u0131\u015fmas\u0131na dayal\u0131 sonu\u00e7lar. Ba\u011f\u0131ms\u0131z bir ara\u015ft\u0131rma laboratuvar\u0131 taraf\u0131ndan &#8220;y\u0131pranm\u0131\u015f&#8221; sa\u00e7 telleri \u00fczerinde yap\u0131lan Tarama Testinden elde edilen ortalama de\u011fer. Herbal Aloe G\u00fc\u00e7lendirici \u015eampuan ve Herbal Aloe Sa\u00e7 Kremi kullan\u0131larak i\u015flem g\u00f6rmemi\u015f sa\u00e7lardaki k\u0131r\u0131k lif say\u0131lar\u0131 kar\u015f\u0131la\u015ft\u0131r\u0131lm\u0131\u015ft\u0131r.<\/em><\/p>\n<p>&nbsp;<\/p>\n<p>\u00d6ZELL\u0130KLER<\/p>\n<p>Herbal Aloe G\u00fc\u00e7lendirici Sa\u00e7 Kremi:<\/p>\n<ul>\n<li><i>Aloe vera\u00a0<\/i>ve botanik \u00f6zler ile form\u00fcle edilmi\u015ftir<\/li>\n<li>Hidrolize bu\u011fday proteini ile form\u00fcle edilmi\u015ftir<\/li>\n<li>Sa\u00e7\u0131 besler ve nemlendirir<\/li>\n<li>Renk koruyucu form\u00fcle sahiptir<\/li>\n<li>Erkekler ve kad\u0131nlar i\u00e7in uygundur<\/li>\n<li>\u0130lave paraben i\u00e7ermez<\/li>\n<li>Dermatolojik olarak test edilmi\u015ftir<\/li>\n<\/ul>\n<p>\u0130\u00c7\u0130NDEK\u0130LER<\/p>\n<p>Aqua, Cetyl Alcohol, Distearoylethyl Dimonium Chloride, Cetearyl Alcohol, Stearamidopropyl Dimethylamine, Parfum, Bis-Hydroxy\/Methoxy Amodimethicone,\u00a0<em>Aloe Barbadensis<\/em>\u00a0Leaf Juice, Hydrolyzed Wheat Protein, Behentrimonium Chloride,\u00a0<em>Yucca Schidigera<\/em>\u00a0Leaf\/Root\/Stem Extract,\u00a0<em>Artemisia Tridentata<\/em>\u00a0Extract,\u00a0<em>Simmondsia Chinensis<\/em>\u00a0Seed Extract,\u00a0<em>Silybum Marianum<\/em>\u00a0Seed Extract,\u00a0<em>Salvia Hispanica<\/em>\u00a0Seed Extract,\u00a0<em>Agave Americana<\/em>\u00a0Leaf Extract, Glycerin, Guar Hydroxypropyltrimonium Chloride, Citric Acid, Phenoxyethanol, Ethylhexylglycerin, Benzyl Alcohol, Citronellol, Limonene, Hexyl Cinnamal and Linalool.<\/p>\n<p>KULLANIMI<\/p>\n<p>Islak sa\u00e7\u0131n\u0131za bol miktarda uygulay\u0131n. Sa\u00e7a e\u015fit olarak uygulay\u0131n veya sa\u00e7\u0131n\u0131z\u0131n en \u00e7ok bak\u0131m ihtiyac\u0131 olan k\u0131s\u0131m ve u\u00e7lar\u0131na uygulay\u0131n. Sa\u00e7 kremini 2-3 dakika bekletin, iyice durulay\u0131n ve sa\u00e7\u0131n\u0131za normal \u015feklini verin.<\/p>\n<p>En iyi sonu\u00e7 i\u00e7in Herbal Aloe G\u00fc\u00e7lendirici \u015eampuan ile birlikte kullan\u0131n.<\/p>\n","protected":false},"excerpt":{"rendered":"<p>Do\u011fall\u0131k ve g\u00fc\u00e7 bir arada! \u0130\u00e7erisinde s\u00fclfat ve paraben bulunmayan Herbalife Herbal Aloe G\u00fc\u00e7lendirici Sa\u00e7 Kremi, sa\u00e7lar\u0131n\u0131za do\u011fal bir g\u00fc\u00e7 katman\u0131n keyfini ya\u015fat\u0131r. Renk koruyucu form\u00fcl\u00fc sayesinde sa\u00e7 renginizin korunmas\u0131na yard\u0131mc\u0131 olur. Sa\u00e7lar\u0131n\u0131z\u0131n \u00e7evresel etkenlerden etkilenmesini engeller.<\/p>\n","protected":false},"featured_media":987498244,"comment_status":"open","ping_status":"closed","template":"","meta":[],"product_brand":[],"product_cat":[554,557,100],"product_tag":[],"class_list":{"0":"post-987498198","1":"product","2":"type-product","3":"status-publish","4":"has-post-thumbnail","6":"product_cat-kisisel-bakim","7":"product_cat-sac-bakimi","8":"product_cat-tum-urunler","10":"first","11":"instock","12":"sale","13":"taxable","14":"shipping-taxable","15":"purchasable","16":"product-type-simple"},"_links":{"self":[{"href":"https:\/\/sitenhazir.net\/flat\/wp-json\/wp\/v2\/product\/987498198","targetHints":{"allow":["GET"]}}],"collection":[{"href":"https:\/\/sitenhazir.net\/flat\/wp-json\/wp\/v2\/product"}],"about":[{"href":"https:\/\/sitenhazir.net\/flat\/wp-json\/wp\/v2\/types\/product"}],"replies":[{"embeddable":true,"href":"https:\/\/sitenhazir.net\/flat\/wp-json\/wp\/v2\/comments?post=987498198"}],"wp:featuredmedia":[{"embeddable":true,"href":"https:\/\/sitenhazir.net\/flat\/wp-json\/wp\/v2\/media\/987498244"}],"wp:attachment":[{"href":"https:\/\/sitenhazir.net\/flat\/wp-json\/wp\/v2\/media?parent=987498198"}],"wp:term":[{"taxonomy":"product_brand","embeddable":true,"href":"https:\/\/sitenhazir.net\/flat\/wp-json\/wp\/v2\/product_brand?post=987498198"},{"taxonomy":"product_cat","embeddable":true,"href":"https:\/\/sitenhazir.net\/flat\/wp-json\/wp\/v2\/product_cat?post=987498198"},{"taxonomy":"product_tag","embeddable":true,"href":"https:\/\/sitenhazir.net\/flat\/wp-json\/wp\/v2\/product_tag?post=987498198"}],"curies":[{"name":"wp","href":"https:\/\/api.w.org\/{rel}","templated":true}]}}