{"id":987498185,"date":"2026-02-18T19:19:36","date_gmt":"2026-02-18T19:19:36","guid":{"rendered":"https:\/\/sitenhazir.net\/flat\/?post_type=product&#038;p=987498185"},"modified":"2026-02-18T19:21:08","modified_gmt":"2026-02-18T19:21:08","slug":"herbalife-skin-besleyici-gece-kremi","status":"publish","type":"product","link":"https:\/\/sitenhazir.net\/flat\/urun\/herbalife-skin-besleyici-gece-kremi\/","title":{"rendered":"Herbalife Skin Besleyici Gece Kremi"},"content":{"rendered":"<p>Besleyici Gece Kremi ile uyurken cildinizi besleyin.<\/p>\n<p>Besleyici Gece Kremi ile cildinizin gece boyunca toparlanmas\u0131na yard\u0131mc\u0131 olun.\u00a0<em>Aloe vera<\/em>, antioksidan vitaminler ve botanik \u00f6zlerin g\u00fc\u00e7l\u00fc bir kar\u0131\u015f\u0131m\u0131yla haz\u0131rlanan bu l\u00fcks krem, geceleri cilde \u00e7ok ihtiya\u00e7 duydu\u011fu nemi sa\u011flamaya yard\u0131mc\u0131 olmak i\u00e7in tasarlanm\u0131\u015ft\u0131r.<\/p>\n<p>Cildiniz ister kuru, ister ya\u011fl\u0131 ya da ikisinin aras\u0131nda bir yerde olsun, Besleyici Gece Kremi farkl\u0131 cilt ihtiya\u00e7lar\u0131n\u0131 kar\u015f\u0131lamak \u00fczere tasarlanm\u0131\u015ft\u0131r. Bu gece kremi, uyguland\u0131ktan sonra cildinizde emilen zengin ancak ya\u011fs\u0131z bir dokuya sahiptir. Besleyici Gece Kremi ile gece cilt bak\u0131m rutininizi geli\u015ftirin.<\/p>\n<p>\u00d6ZELL\u0130KLER<\/p>\n<p>Herbalife SKIN Besleyici Gece Kremi:<\/p>\n<ul>\n<li><i>Aloe vera<\/i>\u00a0ve botanik \u00f6zler ile\u00a0form\u00fcle edilmi\u015ftir<\/li>\n<li>B3 (Niacinamide), C (Ascorbyl Glucoside) ve E (Tocopheryl Acetate) vitaminleri ile form\u00fcle edilmi\u015ftir<\/li>\n<li>T\u00fcm cilt tipleri i\u00e7in uygundur<\/li>\n<li>G\u00fcnl\u00fck kullan\u0131m i\u00e7in uygundur<\/li>\n<li>Erkekler ve kad\u0131nlar i\u00e7in uygundur<\/li>\n<li>\u0130lave paraben i\u00e7ermez<\/li>\n<li>Dermatolojik olarak test edilmi\u015ftir<\/li>\n<li>Altm\u0131\u015f g\u00fcnl\u00fck kullan\u0131mla cilt p\u00fcr\u00fczs\u00fczl\u00fc\u011f\u00fcn\u00fc, \u0131\u015f\u0131lt\u0131s\u0131n\u0131, parlakl\u0131\u011f\u0131n\u0131 ve \u0131\u015f\u0131lt\u0131s\u0131n\u0131 art\u0131r\u0131r*<\/li>\n<li>En az yirmi bir g\u00fcnl\u00fck kullan\u0131mla ince \u00e7izgilerin ve k\u0131r\u0131\u015f\u0131kl\u0131klar\u0131n g\u00f6r\u00fcn\u00fcm\u00fcn\u00fc en aza indirir**<\/li>\n<\/ul>\n<p>&nbsp;<\/p>\n<p><i>*40-64 ya\u015f aras\u0131 35 kad\u0131n \u00fczerinde test edilmi\u015ftir. Sonu\u00e7lar\u00a0kendi i\u00e7inde de\u011ferlendirilir ve uzman taraf\u0131ndan g\u00f6rsel olarak de\u011ferlendirilir.<br \/>\n**40-64 ya\u015f aras\u0131 29 kad\u0131n \u00fczerinde test edilmi\u015ftir. Sonu\u00e7lar k\u0131r\u0131\u015f\u0131kl\u0131k boyutunun alet \u00f6l\u00e7\u00fcm\u00fc ile de\u011ferlendirilmi\u015ftir.<\/i><\/p>\n<p class=\"mb-4\"><span style=\"color: #ff0000\">\u0130\u00e7indekiler<\/span><\/p>\n<div class=\"mb-6 lg:mb-16\">\n<div class=\"lg:col-start-2 lg:col-span-10 col-span-12 ingredientWrapper rte text-semantics-text-regular\">\n<p>Aqua, Caprylic\/Capric Triglyceride,\u00a0<em>Helianthus Annuus<\/em>\u00a0Seed Oil, Polysorbate 20, Glycerin, Dimethicone, Cetyl Alcohol, Stearic Acid, Cetyl Esters, Methyl Gluceth-20, Stearyl Dimethicone, Sorbitol, Niacinamide, Triethanolamine, Ascorbyl Glucoside, Tocopheryl Acetate,\u00a0<em>Aloe Barbadensis<\/em>\u00a0Leaf Juice,\u00a0<em>Zea Mays<\/em>\u00a0Oil,\u00a0<em>Macadamia Integrifolia<\/em>\u00a0Seed Oil,\u00a0<em>Olea Europaea<\/em>\u00a0Fruit Oil,\u00a0<em>Sesamum Indicum<\/em>\u00a0Seed Oil,\u00a0<em>Spilanthes Acmella<\/em>\u00a0Flower Extract,\u00a0<em>Chamomilla Recutita<\/em>\u00a0Flower Extract,\u00a0<em>Juglans Regia<\/em>\u00a0Seed Extract, Acetyl Octapeptide-3, Sodium Hyaluronate, Allantoin, Octadecene, Dimethicone Crosspolymer, Acrylates\/C10-30 Alkyl Acrylate Crosspolymer, Parfum, Sodium Citrate, Citric Acid, Tetrasodium EDTA, Ethylhexylglycerin, Hexylene Glycol, Caprylyl Glycol, Phenoxyethanol, Limonene, Linalool, Hexyl Cinnamal.<\/p>\n<p>KULLANIMI<\/p>\n<p>Temizleyici, tonik ve serum kulland\u0131ktan sonra cildinize uygulay\u0131n.<\/p>\n<p>G\u00fcnl\u00fck kullan\u0131m i\u00e7in uygundur. En iyi sonu\u00e7lar\u0131 elde etmek ve cilt rutininizi tamamlamak i\u00e7in Herbalife SKIN Besleyici Gece Kremi\u2019ni ak\u015fam yatmadan \u00f6nce kullan\u0131n.<\/p>\n<\/div>\n<\/div>\n","protected":false},"excerpt":{"rendered":"<p>Herbalife Skin Besleyici Gece Kremi, cildinizin gece boyunca ihtiya\u00e7 duydu\u011fu bak\u0131m\u0131 sa\u011flamak i\u00e7in \u00f6zenle form\u00fcle edilmi\u015ftir. Aloe vera, antioksidan vitaminler ve botanik \u00f6zlerin g\u00fc\u00e7l\u00fc kar\u0131\u015f\u0131m\u0131, cildinize derinlemesine nem sa\u011flamaya yard\u0131mc\u0131 olur. Uyurken cildinizi besleyin ve ertesi g\u00fcn taze, parlak ve sa\u011fl\u0131kl\u0131 bir cilde uyan\u0131n.<\/p>\n","protected":false},"featured_media":987498239,"comment_status":"open","ping_status":"closed","template":"","meta":[],"product_brand":[],"product_cat":[556,554,100],"product_tag":[],"class_list":{"0":"post-987498185","1":"product","2":"type-product","3":"status-publish","4":"has-post-thumbnail","6":"product_cat-cilt-bakimi","7":"product_cat-kisisel-bakim","8":"product_cat-tum-urunler","10":"first","11":"instock","12":"sale","13":"taxable","14":"shipping-taxable","15":"purchasable","16":"product-type-simple"},"_links":{"self":[{"href":"https:\/\/sitenhazir.net\/flat\/wp-json\/wp\/v2\/product\/987498185","targetHints":{"allow":["GET"]}}],"collection":[{"href":"https:\/\/sitenhazir.net\/flat\/wp-json\/wp\/v2\/product"}],"about":[{"href":"https:\/\/sitenhazir.net\/flat\/wp-json\/wp\/v2\/types\/product"}],"replies":[{"embeddable":true,"href":"https:\/\/sitenhazir.net\/flat\/wp-json\/wp\/v2\/comments?post=987498185"}],"wp:featuredmedia":[{"embeddable":true,"href":"https:\/\/sitenhazir.net\/flat\/wp-json\/wp\/v2\/media\/987498239"}],"wp:attachment":[{"href":"https:\/\/sitenhazir.net\/flat\/wp-json\/wp\/v2\/media?parent=987498185"}],"wp:term":[{"taxonomy":"product_brand","embeddable":true,"href":"https:\/\/sitenhazir.net\/flat\/wp-json\/wp\/v2\/product_brand?post=987498185"},{"taxonomy":"product_cat","embeddable":true,"href":"https:\/\/sitenhazir.net\/flat\/wp-json\/wp\/v2\/product_cat?post=987498185"},{"taxonomy":"product_tag","embeddable":true,"href":"https:\/\/sitenhazir.net\/flat\/wp-json\/wp\/v2\/product_tag?post=987498185"}],"curies":[{"name":"wp","href":"https:\/\/api.w.org\/{rel}","templated":true}]}}