{"id":987498164,"date":"2026-02-18T19:19:06","date_gmt":"2026-02-18T19:19:06","guid":{"rendered":"https:\/\/sitenhazir.net\/flat\/?post_type=product&#038;p=987498164"},"modified":"2026-02-18T19:20:25","modified_gmt":"2026-02-18T19:20:25","slug":"herbalife-protein-bar-cikolatali-yer-fistikli","status":"publish","type":"product","link":"https:\/\/sitenhazir.net\/flat\/urun\/herbalife-protein-bar-cikolatali-yer-fistikli\/","title":{"rendered":"Herbalife Protein Bar \u00c7ikolatal\u0131 Yer F\u0131st\u0131kl\u0131"},"content":{"rendered":"<p>Herbalife Protein Bar, dengeli bir at\u0131\u015ft\u0131rmal\u0131k olarak sa\u011fl\u0131kl\u0131 ya\u015fam tarz\u0131n\u0131 destekleyen lezzetli bir besin takviyesidir. Bu protein bar, \u00f6zellikle yo\u011fun bir ya\u015fam temposuna sahip olan ve sa\u011fl\u0131kl\u0131 beslenme hedefleri olan ki\u015filer i\u00e7in ideal bir se\u00e7enektir. \u0130\u00e7eri\u011finde y\u00fcksek miktarda protein bulunur, bu da kas k\u00fctlesini korumaya ve geli\u015ftirmeye yard\u0131mc\u0131 olur. Ayn\u0131 zamanda, d\u00fc\u015f\u00fck kalori ve \u015feker oran\u0131 sayesinde kilo kontrol\u00fcn\u00fc destekleyen bir alternatif olarak \u00f6ne \u00e7\u0131kar.<\/p>\n<p>Herbalife Protein Bar, \u00f6zellikle egzersiz sonras\u0131nda v\u00fccudun protein ihtiyac\u0131n\u0131 kar\u015f\u0131lamak i\u00e7in m\u00fckemmel bir se\u00e7imdir. V\u00fccut, egzersiz sonras\u0131 kas onar\u0131m\u0131 ve b\u00fcy\u00fcmesi i\u00e7in proteine ihtiya\u00e7 duyar, bu nedenle protein barlar\u0131 h\u0131zl\u0131 ve pratik bir \u015fekilde bu ihtiyac\u0131 kar\u015f\u0131lar. Bunun yan\u0131 s\u0131ra, \u00f6\u011f\u00fcn aralar\u0131nda ya da g\u00fcn i\u00e7erisinde a\u00e7l\u0131k hissini bast\u0131rmak i\u00e7in sa\u011fl\u0131kl\u0131 bir at\u0131\u015ft\u0131rmal\u0131k olarak da t\u00fcketilebilir. Doyurucu ve besleyici i\u00e7eri\u011fi ile uzun s\u00fcre tok kalman\u0131z\u0131 sa\u011flar.<\/p>\n<p>Herbalife Protein Bar\u2019\u0131n \u00e7e\u015fitleri, \u00e7ikolata, f\u0131nd\u0131k ve vanilya gibi farkl\u0131 lezzet se\u00e7enekleri sunarak herkesin damak zevkine hitap eder. Lezzetli olmas\u0131n\u0131n yan\u0131 s\u0131ra, vitamin ve mineral bak\u0131m\u0131ndan da zengin bir i\u00e7eri\u011fe sahiptir. Bu sayede, v\u00fccudun ihtiya\u00e7 duydu\u011fu temel besin maddelerini sa\u011flar ve genel sa\u011fl\u0131\u011f\u0131n\u0131z\u0131 destekler. Ayr\u0131ca, d\u00fc\u015f\u00fck \u015feker oran\u0131 ile tatl\u0131 ihtiyac\u0131n\u0131z\u0131 kar\u015f\u0131larken, sa\u011fl\u0131kl\u0131 beslenme hedeflerinizden \u00f6d\u00fcn vermemenizi sa\u011flar.<\/p>\n<p>Herbalife Bar protein ihtiyac\u0131n\u0131z oldu\u011funda hemen kullanaca\u011f\u0131n\u0131z \u00e7antan\u0131zda ta\u015f\u0131yabilece\u011finiz pratik bir at\u0131\u015ft\u0131rmal\u0131k olarak her an elinizin alt\u0131nda olabilir. \u0130\u015f, spor ya da seyahat s\u0131ras\u0131nda h\u0131zl\u0131 ve besleyici bir \u00e7\u00f6z\u00fcm sunarak sa\u011fl\u0131kl\u0131 bir ya\u015fam tarz\u0131na katk\u0131da bulunur. Kas geli\u015fimi, kilo kontrol\u00fc ve genel beslenme hedefleri i\u00e7in ideal bir \u00fcr\u00fcnd\u00fcr.<\/p>\n<h3>Herbalife Protein Bar \u0130\u00e7eri\u011fi<\/h3>\n<ul>\n<li>10 g s\u00fct proteini sa\u011flar<\/li>\n<li>Sadece 139 kilokaloriye sahiptir<\/li>\n<li>B6 ve B12 vitaminleri de dahil olmak \u00fczere temel vitaminleri sa\u011flar<\/li>\n<li>\u00c7ikolata ile kaplanm\u0131\u015ft\u0131r<\/li>\n<li>Hareket halindeyken m\u00fckemmel bir protein at\u0131\u015ft\u0131rmal\u0131\u011f\u0131d\u0131r.<\/li>\n<li>14&#8217;l\u00fc bir kutu i\u00e7inde gelir<\/li>\n<\/ul>\n<h3 class=\"mb-4\"><span style=\"color: #ff0000\">\u0130\u00e7indekiler<\/span><\/h3>\n<div class=\"mb-6 lg:mb-16\">\n<div class=\"lg:col-start-2 lg:col-span-10 col-span-12 ingredientWrapper rte text-semantics-text-regular\">\n<p><strong>Su\u0308t proteinleri konsantresi\u00a0<\/strong>(<strong>peynir alt\u0131 suyu proteini<\/strong>,<strong>\u00a0kalsiyum kazeinat<\/strong>\u00a0(<strong>su\u0308t u\u0308ru\u0308nu<\/strong>\u0308)), glikoz \u015furubu, fruktoz \u015furubu,\u00a0<strong>su\u0308tlu\u0308 \u00e7ikolata kaplama<\/strong>\u00a0(% 17) (\u015feker,\u00a0<strong>su\u0308t tozu<\/strong>, kakao ya\u011f\u0131, kakao kitlesi,\u00a0<strong>emu\u0308lgat\u00f6r<\/strong>\u00a0(<strong>soya lesitini<\/strong>), aroma verici),\u00a0<strong>yerf\u0131st\u0131\u011f\u0131 ezmesi\u00a0<\/strong>(% 10), s\u0131\u011f\u0131r jelatini, pirin\u00e7 patla\u011f\u0131, kakao tozu (% 0,7), renklendirici (karamel), aroma vericiler, DL-alfa-tokoferol, nikotinamid, kalsiyum D-pantotenat, tiyamin hidroklorit, piridoksin hidroklorit, riboflavin, siyanokobalamin.<\/p>\n<\/div>\n<\/div>\n<p class=\"mb-4\">Alerjen bilgisi<\/p>\n<div class=\"mb-6 lg:mb-16\">\n<div class=\"lg:col-start-2 lg:col-span-10 col-span-12 ingredientWrapper rte text-semantics-text-regular\">SOYA, S\u00dcT VE YER FISTI\u011eI \u0130\u00c7ER\u0130R. ESER MI\u0307KTARDA FINDIK VE GLUTEN I\u0307C\u0327EREBI\u0307LI\u0307R.<\/div>\n<\/div>\n<div><a href=\"https:\/\/www.herbalsiparis.com.tr\/wp-content\/uploads\/2023\/10\/pn-3972-tr.png\" rel=\"noopener\"><img loading=\"lazy\" decoding=\"async\" class=\"alignnone size-full wp-image-9823\" src=\"https:\/\/www.herbalsiparis.com.tr\/wp-content\/uploads\/2023\/10\/pn-3972-tr.png\" alt=\"\" width=\"720\" height=\"211\" \/><\/a><\/div>\n<h3><span style=\"color: #ff0000\">Kullan\u0131m\u0131<\/span><\/h3>\n<div>Besleyici at\u0131\u015ft\u0131rmal\u0131k i\u00e7in g\u00fcnde bir veya iki bar t\u00fcketin. \u00c7e\u015fitlilik i\u00e7in di\u011fer lezzetli y\u00fcksek proteinli at\u0131\u015ft\u0131rmal\u0131klar\u0131m\u0131z\u0131 da deneyin. Bu \u00fcr\u00fcn dengeli ve \u00e7e\u015fitli g\u0131dalardan olu\u015fan bir beslenme d\u00fczeni ile sa\u011fl\u0131kl\u0131 ya\u015fam tarz\u0131n\u0131n bir par\u00e7as\u0131 olarak kullan\u0131lmal\u0131d\u0131r. Serin ve kuru bir yerde saklay\u0131n.<\/div>\n","protected":false},"excerpt":{"rendered":"<p>Herbalife Protein Bar, protein al\u0131m\u0131n\u0131z\u0131 art\u0131rman\u0131za yard\u0131mc\u0131 olmak i\u00e7in tasarlanm\u0131\u015f bir lezzet ve besin kar\u0131\u015f\u0131m\u0131 sunar.<\/p>\n<p>10 gram s\u00fct proteini ve temel vitaminlerle form\u00fcle edilmi\u015f bu k\u00fc\u00e7\u00fck bar, g\u00fc\u00e7l\u00fc bir etki yarat\u0131r. Lezzetli bir \u015fekilde \u00e7i\u011fnenebilir, zengin s\u00fctl\u00fc \u00e7ikolata ile kaplanm\u0131\u015f ve 3 \u00f6zel aromada mevcut olan Protein Bar, a\u015fermeleri engellemek i\u00e7in ihtiyac\u0131n\u0131z olan at\u0131\u015ft\u0131rmal\u0131kt\u0131r.<\/p>\n<p>Bu bar en \u00fcst d\u00fczeyde rahatl\u0131k i\u00e7in tasarlanm\u0131\u015ft\u0131r. \u00c7antan\u0131za veya masan\u0131z\u0131n \u00e7ekmecesine bir Protein Bar atarak h\u0131zl\u0131 ve kolay bir at\u0131\u015ft\u0131rmal\u0131k haz\u0131rlayabilirsiniz. Protein al\u0131m\u0131n\u0131z\u0131 art\u0131rmak s\u00f6z konusu oldu\u011funda, hi\u00e7bir \u015fey hareket halindeyken h\u0131zl\u0131 bir at\u0131\u015ft\u0131rmal\u0131ktan daha iyi olamaz.<\/p>\n","protected":false},"featured_media":987498211,"comment_status":"open","ping_status":"closed","template":"","meta":[],"product_brand":[],"product_cat":[551,552,100],"product_tag":[],"class_list":{"0":"post-987498164","1":"product","2":"type-product","3":"status-publish","4":"has-post-thumbnail","6":"product_cat-atistirmaliklar","7":"product_cat-protein-atistirmaliklari","8":"product_cat-tum-urunler","10":"first","11":"instock","12":"sale","13":"taxable","14":"shipping-taxable","15":"purchasable","16":"product-type-simple"},"_links":{"self":[{"href":"https:\/\/sitenhazir.net\/flat\/wp-json\/wp\/v2\/product\/987498164","targetHints":{"allow":["GET"]}}],"collection":[{"href":"https:\/\/sitenhazir.net\/flat\/wp-json\/wp\/v2\/product"}],"about":[{"href":"https:\/\/sitenhazir.net\/flat\/wp-json\/wp\/v2\/types\/product"}],"replies":[{"embeddable":true,"href":"https:\/\/sitenhazir.net\/flat\/wp-json\/wp\/v2\/comments?post=987498164"}],"wp:featuredmedia":[{"embeddable":true,"href":"https:\/\/sitenhazir.net\/flat\/wp-json\/wp\/v2\/media\/987498211"}],"wp:attachment":[{"href":"https:\/\/sitenhazir.net\/flat\/wp-json\/wp\/v2\/media?parent=987498164"}],"wp:term":[{"taxonomy":"product_brand","embeddable":true,"href":"https:\/\/sitenhazir.net\/flat\/wp-json\/wp\/v2\/product_brand?post=987498164"},{"taxonomy":"product_cat","embeddable":true,"href":"https:\/\/sitenhazir.net\/flat\/wp-json\/wp\/v2\/product_cat?post=987498164"},{"taxonomy":"product_tag","embeddable":true,"href":"https:\/\/sitenhazir.net\/flat\/wp-json\/wp\/v2\/product_tag?post=987498164"}],"curies":[{"name":"wp","href":"https:\/\/api.w.org\/{rel}","templated":true}]}}