{"id":987498153,"date":"2026-02-18T19:19:04","date_gmt":"2026-02-18T19:19:04","guid":{"rendered":"https:\/\/sitenhazir.net\/flat\/?post_type=product&#038;p=987498153"},"modified":"2026-02-18T19:19:49","modified_gmt":"2026-02-18T19:19:49","slug":"herbalife-soguk-kahve-latte-macchiato","status":"publish","type":"product","link":"https:\/\/sitenhazir.net\/flat\/urun\/herbalife-soguk-kahve-latte-macchiato\/","title":{"rendered":"Herbalife So\u011fuk Kahve Latte Macchiato"},"content":{"rendered":"<div id=\"pdp-product-tabs\" class=\"py-14\" data-analytics-id=\"product-tabs\">\n<div class=\"wrapper\">\n<div class=\"hidden lg:block\">\n<div class=\"w-full relative\" data-testid=\"tabs\">\n<div class=\"w-full pt-12 lg:pt-14 pt-14 md:pt-[60px] lg:pt-[84px]\">\n<div id=\"headlessui-tabs-panel-:r2j:\" class=\"ada-border-focus tabs_bounce-in-right__Gykhj\" role=\"tabpanel\" data-testid=\"tabsPanel2\" aria-labelledby=\"1CarouselTab\" data-headlessui-state=\"selected\">\n<section class=\"w-full\">\n<div>\n<div class=\"hl-grid\">\n<div class=\"text-gray-regular hidden lg:block col-span-12 body-lg rte pdpFeatureRowGap\">\n<p>\u00a0Y\u00fcksek Proteinli So\u011fuk Kahve Kar\u0131\u015f\u0131m\u0131:<\/p>\n<ul>\n<li>Servis ba\u015f\u0131na 15 g peynir alt\u0131 suyu proteini sa\u011flar<\/li>\n<li>Servis ba\u015f\u0131na 80 mg kafein i\u00e7erir*<\/li>\n<li>Porsiyon ba\u015f\u0131na 80 kilokaloriye sahiptir<\/li>\n<li>% 100 Robusta espresso kahve \u00e7ekirdekleri ile \u00fcretilmi\u015ftir<\/li>\n<li>Ilave \u015feker i\u00e7ermez<\/li>\n<li>Vejetaryenler i\u00e7in uygundur<\/li>\n<li>14 porsiyon i\u00e7erir<\/li>\n<\/ul>\n<p>&nbsp;<\/p>\n<p><em>*T\u00fcm kaynaklardan g\u00fcnl\u00fck 400 mg kafein al\u0131m\u0131n\u0131n a\u015f\u0131lmamas\u0131 \u00f6nerilir (hamile veya emziren kad\u0131nlar i\u00e7in 200 mg). Tek doz 200 mg kafein a\u015f\u0131lmamal\u0131d\u0131r. (EFSA Dergisi 2015;13(5):4102. 2015)<\/em><\/p>\n<p>&nbsp;<\/p>\n<\/div>\n<\/div>\n<\/div>\n<\/section>\n<\/div>\n<p><span id=\"headlessui-tabs-panel-:r2k:\" role=\"tabpanel\" aria-labelledby=\"2CarouselTab\"><\/span><span id=\"headlessui-tabs-panel-:r2l:\" role=\"tabpanel\" aria-labelledby=\"3CarouselTab\"><\/span><\/p>\n<p class=\"mb-4\"><span style=\"color: #ff0000\">\u0130\u00e7indekiler<\/span><\/p>\n<div class=\"mb-6 lg:mb-16\">\n<div class=\"lg:col-start-2 lg:col-span-10 col-span-12 ingredientWrapper rte text-semantics-text-regular\">\n<p>Peynir alt\u0131 suyu proteini konsantresi (<strong>s\u00fct<\/strong>) (% 85,6), \u00e7\u00f6z\u00fcnebilir kahve tozu (% 11,8), aroma verici, deniz tuzu, hindistancevizi ya\u011f\u0131 kremas\u0131, hindistan cevizi ya\u011f\u0131, maltodekstrin, sodyum kazeinat (<strong>s\u00fct<\/strong>), tatland\u0131r\u0131c\u0131 (steviol glikozitler), do\u011fal aroma verici.<\/p>\n<p>Domuz ya\u011f\u0131 ve domuzdan elde edilmi\u015f hi\u00e7bir \u00fcr\u00fcn i\u00e7ermez.<\/p>\n<p class=\"mb-4\">Alerjen bilgisi<\/p>\n<div class=\"mb-6 lg:mb-16\">\n<div class=\"lg:col-start-2 lg:col-span-10 col-span-12 ingredientWrapper rte text-semantics-text-regular\">\u200b\u200bS\u00dcT I\u00c7ERIR\u200b.<\/div>\n<\/div>\n<div><a href=\"https:\/\/www.herbalsiparis.com.tr\/wp-content\/uploads\/2023\/10\/pn-012k-tr.png\" rel=\"noopener\"><img loading=\"lazy\" decoding=\"async\" class=\"alignnone size-full wp-image-9841\" src=\"https:\/\/www.herbalsiparis.com.tr\/wp-content\/uploads\/2023\/10\/pn-012k-tr.png\" alt=\"\" width=\"720\" height=\"573\" \/><\/a><\/div>\n<div><span style=\"color: #ff0000\">Kullan\u0131m\u0131<\/span><\/div>\n<div><\/div>\n<div>Y\u00fcksek Proteinli So\u011fuk Kahve Kar\u0131\u015f\u0131m\u0131\u2019n\u0131n tad\u0131n\u0131 evde veya hareket halindeyken \u00e7\u0131karabilirsiniz. Sabah ortas\u0131 veya \u00f6\u011fleden sonra i\u00e7ece\u011fi olarak m\u00fckemmeldir.<\/p>\n<p>Shaker\u2019\u0131n\u0131z\u0131 500 ml so\u011fuk su ile doldurun. Her kullan\u0131mdan \u00f6nce po\u015feti hafif\u00e7e sallay\u0131n. Etikette \u00f6nerildi\u011fi gibi yakla\u015f\u0131k 2 ka\u015f\u0131k (22 g) Y\u00fcksek Proteinli So\u011fuk Kahve Kar\u0131\u015f\u0131m\u0131 ekleyin. \u00c7alkalay\u0131n ve buzun \u00fczerine d\u00f6k\u00fcn. Shaker\u2019\u0131n\u0131z yoksa d\u00fc\u015f\u00fck h\u0131zda 5 saniye kar\u0131\u015ft\u0131r\u0131n.<\/p>\n<p>Bu \u00fcr\u00fcn dengeli ve \u00e7e\u015fitli g\u0131dalardan olu\u015fan bir beslenme d\u00fczeni ile sa\u011fl\u0131kl\u0131 ya\u015fam tarz\u0131n\u0131n bir par\u00e7as\u0131 olarak kullan\u0131lmal\u0131d\u0131r.<\/p>\n<p>Serin ve kuru bir yerde a\u011fz\u0131 kapal\u0131 olarak saklay\u0131n.<\/p><\/div>\n<\/div>\n<\/div>\n<\/div>\n<\/div>\n<\/div>\n<\/div>\n<\/div>\n","protected":false},"excerpt":{"rendered":"<p>T\u00fcm kahve severlerin dikkatine. Bu sizin i\u00e7in \u00f6zel olarak haz\u0131rland\u0131.<\/p>\n<p>Y\u00fcksek Proteinli So\u011fuk Kahve Kar\u0131\u015f\u0131m\u0131 15 gram kaliteli peynir alt\u0131 suyu proteini ile form\u00fcle edilmi\u015ftir, ilave \u015feker i\u00e7ermez ve porsiyon ba\u015f\u0131na 80 miligram kafein i\u00e7erir. Her parti, % 100 Robusta espresso kahve \u00e7ekirdekleriyle p\u00fcr\u00fczs\u00fcz ve koyu olmas\u0131 i\u00e7in ustal\u0131kla demlenmi\u015ftir. Belirtildi\u011fi \u015fekilde haz\u0131rland\u0131\u011f\u0131nda, Y\u00fcksek Proteinli So\u011fuk Kahve Kar\u0131\u015f\u0131m\u0131 g\u00fcn\u00fcn her saati i\u00e7in uygun, so\u011fuk ve besleyici bir i\u00e7ecek olarak \u00f6ne \u00e7\u0131kar.<\/p>\n<p>Tutku tek ba\u015f\u0131na bir sonraki meydan okuman\u0131z i\u00e7in yeterli olmad\u0131\u011f\u0131nda, Y\u00fcksek Proteinli So\u011fuk Kahve Kar\u0131\u015f\u0131m\u0131\u2019n\u0131 deneyin. B\u00fcy\u00fck ve k\u00fc\u00e7\u00fck g\u00fcnl\u00fck maceralar\u0131n\u0131z i\u00e7in \u00fcretilen bu kahve ve protein f\u00fczyonu, ya\u015fam tarz\u0131n\u0131za tam olarak ihtiya\u00e7 duydu\u011funuz \u015fekilde uyacak \u015fekilde tasarlanm\u0131\u015ft\u0131r.<\/p>\n","protected":false},"featured_media":987498193,"comment_status":"open","ping_status":"closed","template":"","meta":[],"product_brand":[],"product_cat":[541,542,533,545,100],"product_tag":[],"class_list":{"0":"post-987498153","1":"product","2":"type-product","3":"status-publish","4":"has-post-thumbnail","6":"product_cat-icecekler-ve-caylar","7":"product_cat-kafein-destegi","8":"product_cat-kilo-kontrolu-ve-setler","9":"product_cat-protein-destegi-icecekler","10":"product_cat-tum-urunler","12":"first","13":"outofstock","14":"sale","15":"taxable","16":"shipping-taxable","17":"purchasable","18":"product-type-simple"},"_links":{"self":[{"href":"https:\/\/sitenhazir.net\/flat\/wp-json\/wp\/v2\/product\/987498153","targetHints":{"allow":["GET"]}}],"collection":[{"href":"https:\/\/sitenhazir.net\/flat\/wp-json\/wp\/v2\/product"}],"about":[{"href":"https:\/\/sitenhazir.net\/flat\/wp-json\/wp\/v2\/types\/product"}],"replies":[{"embeddable":true,"href":"https:\/\/sitenhazir.net\/flat\/wp-json\/wp\/v2\/comments?post=987498153"}],"wp:featuredmedia":[{"embeddable":true,"href":"https:\/\/sitenhazir.net\/flat\/wp-json\/wp\/v2\/media\/987498193"}],"wp:attachment":[{"href":"https:\/\/sitenhazir.net\/flat\/wp-json\/wp\/v2\/media?parent=987498153"}],"wp:term":[{"taxonomy":"product_brand","embeddable":true,"href":"https:\/\/sitenhazir.net\/flat\/wp-json\/wp\/v2\/product_brand?post=987498153"},{"taxonomy":"product_cat","embeddable":true,"href":"https:\/\/sitenhazir.net\/flat\/wp-json\/wp\/v2\/product_cat?post=987498153"},{"taxonomy":"product_tag","embeddable":true,"href":"https:\/\/sitenhazir.net\/flat\/wp-json\/wp\/v2\/product_tag?post=987498153"}],"curies":[{"name":"wp","href":"https:\/\/api.w.org\/{rel}","templated":true}]}}