{"id":987498152,"date":"2026-02-18T19:19:03","date_gmt":"2026-02-18T19:19:03","guid":{"rendered":"https:\/\/sitenhazir.net\/flat\/?post_type=product&#038;p=987498152"},"modified":"2026-02-18T19:19:47","modified_gmt":"2026-02-18T19:19:47","slug":"multi-fiber-lifli-ve-aromali-icecek-tozu-elma","status":"publish","type":"product","link":"https:\/\/sitenhazir.net\/flat\/urun\/multi-fiber-lifli-ve-aromali-icecek-tozu-elma\/","title":{"rendered":"Multi-Fiber Lifli ve Aromal\u0131 \u0130\u00e7ecek Tozu Elma"},"content":{"rendered":"<p>Multi-fiber:<\/p>\n<ul>\n<li>Hem \u00e7\u00f6z\u00fcn\u00fcr hem de \u00e7\u00f6z\u00fcnmez lif ile form\u00fcle edilmi\u015ftir<\/li>\n<li>Porsiyon ba\u015f\u0131na 5 g lif sa\u011flar<\/li>\n<li>Porsiyon ba\u015f\u0131na 15 kalori i\u00e7erir<\/li>\n<li>Vejetaryenler ve veganlar i\u00e7in uygundur<\/li>\n<li>Tatland\u0131r\u0131c\u0131 i\u00e7ermez<\/li>\n<li>30 porsiyon i\u00e7erir<\/li>\n<\/ul>\n<p class=\"mb-4\"><span style=\"color: #ff0000\">\u0130\u00e7indekiler<\/span><\/p>\n<div class=\"mb-6 lg:mb-16\">\n<div class=\"lg:col-start-2 lg:col-span-10 col-span-12 ingredientWrapper rte text-semantics-text-regular\">\n<p><strong>Yulaf\u00a0<\/strong>lifi (% 37), elma lifi (% 26,4), in\u00fclin (% 25), aroma verici (% 3,6), narenciye lifi (% 3,6), akasya gam\u0131 lifi (% 2,2), k\u0131vam artt\u0131r\u0131c\u0131lar (ksantam gam- akasya gam\u0131).<strong><\/p>\n<p><\/strong>Domuz ya\u011f\u0131 ve domuzdan elde edilmi\u015f hi\u00e7bir \u00fcr\u00fcn i\u00e7ermez.<\/p>\n<\/div>\n<\/div>\n<p class=\"mb-4\">Alerjen bilgisi<\/p>\n<div class=\"mb-6 lg:mb-16\">\n<div class=\"lg:col-start-2 lg:col-span-10 col-span-12 ingredientWrapper rte text-semantics-text-regular\">YULAF \u0130\u00c7ER\u0130R.<\/div>\n<\/div>\n<div><a href=\"https:\/\/www.herbalsiparis.com.tr\/wp-content\/uploads\/2023\/10\/pn-055k-tr.png\" rel=\"noopener\"><img loading=\"lazy\" decoding=\"async\" class=\"alignnone size-full wp-image-9838\" src=\"https:\/\/www.herbalsiparis.com.tr\/wp-content\/uploads\/2023\/10\/pn-055k-tr.png\" alt=\"\" width=\"720\" height=\"485\" \/><\/a><\/div>\n<div><span style=\"color: #ff0000\">Kullan\u0131m\u0131<\/span><\/div>\n<div><\/div>\n<div>Her kullan\u0131mdan \u00f6nce kutuyu hafif\u00e7e \u00e7alkalay\u0131n. 1 \u00e7orba ka\u015f\u0131\u011f\u0131n\u0131 (6,8 g) 180 ml su ile kar\u0131\u015ft\u0131r\u0131n. Alternatif olarak, Multi-fiber&#8217;i Form\u00fcl 1 shake&#8217;inize veya hatta sabah yulaf\u0131n\u0131za ekleyebilirsiniz.<\/p>\n<p>Bu \u00fcr\u00fcn dengeli ve \u00e7e\u015fitli g\u0131dalardan olu\u015fan bir beslenme d\u00fczeni ile sa\u011fl\u0131kl\u0131 ya\u015fam tarz\u0131n\u0131n bir par\u00e7as\u0131 olarak kullan\u0131lmal\u0131d\u0131r.<\/p>\n<p>Serin ve kuru bir yerde kapa\u011f\u0131 kapal\u0131 olarak saklay\u0131n.<\/p><\/div>\n","protected":false},"excerpt":{"rendered":"<p>\u00c7\u00f6z\u00fcn\u00fcr ve \u00e7\u00f6z\u00fcnmez liflerin \u00f6zel bir kar\u0131\u015f\u0131m\u0131 olan Multi-fiber ile g\u00fcnl\u00fck lif al\u0131m\u0131n\u0131z\u0131 art\u0131r\u0131n.<\/p>\n<p>Multi-fiber tatland\u0131r\u0131c\u0131 i\u00e7ermez ve sadece be\u015f do\u011fal lif kayna\u011f\u0131 ile form\u00fcle edilmi\u015ftir \u2013 yulaf, elma, in\u00fclin, narenciye, akasya sak\u0131z\u0131. Bu lezzetli elma aromal\u0131 tozun her bir \u00f6l\u00e7\u00fc ka\u015f\u0131\u011f\u0131 5 gram lif sa\u011flar.<\/p>\n<p>Multi-fiberi&#8217;i beslenmenize kolayl\u0131kla dahil edin. Suyunuza, meyve suyunuza veya shake&#8217;inize kar\u0131\u015ft\u0131r\u0131n veya sabah yulaf\u0131n\u0131za bir ka\u015f\u0131k ekleyin. P\u00fcr\u00fczs\u00fcz dokusu ve elma aromas\u0131yla bu e\u015fsiz toz i\u00e7ecek g\u00fcnl\u00fck rutininize zahmetsizce uyum sa\u011flayabilir.<\/p>\n","protected":false},"featured_media":987498191,"comment_status":"open","ping_status":"closed","template":"","meta":[],"product_brand":[],"product_cat":[541,533,544,100],"product_tag":[],"class_list":{"0":"post-987498152","1":"product","2":"type-product","3":"status-publish","4":"has-post-thumbnail","6":"product_cat-icecekler-ve-caylar","7":"product_cat-kilo-kontrolu-ve-setler","8":"product_cat-lif-takviyesi","9":"product_cat-tum-urunler","11":"first","12":"instock","13":"sale","14":"taxable","15":"shipping-taxable","16":"purchasable","17":"product-type-simple"},"_links":{"self":[{"href":"https:\/\/sitenhazir.net\/flat\/wp-json\/wp\/v2\/product\/987498152","targetHints":{"allow":["GET"]}}],"collection":[{"href":"https:\/\/sitenhazir.net\/flat\/wp-json\/wp\/v2\/product"}],"about":[{"href":"https:\/\/sitenhazir.net\/flat\/wp-json\/wp\/v2\/types\/product"}],"replies":[{"embeddable":true,"href":"https:\/\/sitenhazir.net\/flat\/wp-json\/wp\/v2\/comments?post=987498152"}],"wp:featuredmedia":[{"embeddable":true,"href":"https:\/\/sitenhazir.net\/flat\/wp-json\/wp\/v2\/media\/987498191"}],"wp:attachment":[{"href":"https:\/\/sitenhazir.net\/flat\/wp-json\/wp\/v2\/media?parent=987498152"}],"wp:term":[{"taxonomy":"product_brand","embeddable":true,"href":"https:\/\/sitenhazir.net\/flat\/wp-json\/wp\/v2\/product_brand?post=987498152"},{"taxonomy":"product_cat","embeddable":true,"href":"https:\/\/sitenhazir.net\/flat\/wp-json\/wp\/v2\/product_cat?post=987498152"},{"taxonomy":"product_tag","embeddable":true,"href":"https:\/\/sitenhazir.net\/flat\/wp-json\/wp\/v2\/product_tag?post=987498152"}],"curies":[{"name":"wp","href":"https:\/\/api.w.org\/{rel}","templated":true}]}}