{"id":987498151,"date":"2026-02-18T19:19:03","date_gmt":"2026-02-18T19:19:03","guid":{"rendered":"https:\/\/sitenhazir.net\/flat\/?post_type=product&#038;p=987498151"},"modified":"2026-02-18T19:19:44","modified_gmt":"2026-02-18T19:19:44","slug":"herbalife-aloe-vera-konsantre-icecek-klasik","status":"publish","type":"product","link":"https:\/\/sitenhazir.net\/flat\/urun\/herbalife-aloe-vera-konsantre-icecek-klasik\/","title":{"rendered":"Herbalife Aloe Vera Konsantre \u0130\u00e7ecek Klasik"},"content":{"rendered":"<h3>Herbalife Aloe Vera Konsantre \u0130\u00e7ecek:<\/h3>\n<ul>\n<li>B\u00fct\u00fcn yapraktan elde edilen %40 safla\u015ft\u0131r\u0131lm\u0131\u015f\u00a0<em>Aloe vera<\/em>suyu i\u00e7erir<\/li>\n<li>D\u00fc\u015f\u00fck kalorilidir \u2013 porsiyon ba\u015f\u0131na 22 kalori<\/li>\n<li>Vejetaryenler ve veganlar i\u00e7in uygundur<\/li>\n<li>31 porsiyon i\u00e7erir<\/li>\n<\/ul>\n<p class=\"mb-4\"><span style=\"color: #ff0000\">\u0130\u00e7indekiler<\/span><\/p>\n<div class=\"mb-6 lg:mb-16\">\n<div class=\"lg:col-start-2 lg:col-span-10 col-span-12 ingredientWrapper rte text-semantics-text-regular\">\n<p>P\u00fcrifiye edilmi\u015f (renksizle\u015ftirilmi\u015f)\u00a0<em>Aloe vera<\/em>\u00a0yapra\u011f\u0131 suyu (<em>Aloe barbadensis<\/em>, % 40), \u015feker, su, asitlik d\u00fczenleyici (sitrik asit), do\u011fal limon aromas\u0131\u00a0\u00a0 (konsantre limon suyu), koruyucu (potasyum sorbat) \u00e7i\u00e7ek papatya ekstresi (<em>Matricaria recutita<\/em>) koruyucu (sodyum benzoat).<\/p>\n<p>Alloin ve antrakinon i\u00e7ermez.<\/p>\n<\/div>\n<p><a href=\"https:\/\/www.herbalsiparis.com.tr\/wp-content\/uploads\/2023\/10\/pn-0006-tr.png\" rel=\"noopener\"><img loading=\"lazy\" decoding=\"async\" class=\"alignnone size-full wp-image-9832\" src=\"https:\/\/www.herbalsiparis.com.tr\/wp-content\/uploads\/2023\/10\/pn-0006-tr.png\" alt=\"\" width=\"720\" height=\"436\" \/><\/a><\/p>\n<p><span style=\"color: #ff0000\">Kullan\u0131m\u0131<\/span><\/p>\n<p>Sabahlar\u0131 veya g\u00fcn boyunca Herbal Aloe Konsantre \u0130\u00e7ece\u011finin ferahlat\u0131c\u0131 tad\u0131n\u0131n keyfini \u00e7\u0131kar\u0131n. Kullanmadan \u00f6nce iyice \u00e7alkalay\u0131n ve 3 kapak dolusu Herbal Aloe Konsantre \u0130\u00e7ecek&#8217;i (15 ml) 120 ml su ile kar\u0131\u015ft\u0131r\u0131n. 1 litre t\u00fcketime haz\u0131r Aloe vera konsantresi i\u00e7ece\u011fi haz\u0131rlamak i\u00e7in, 8 yemek ka\u015f\u0131\u011f\u0131 (120 ml) konsantreyi bir litrelik kaba d\u00f6k\u00fcn ve suyla doldurun.*<\/p>\n<p>Bu \u00fcr\u00fcn dengeli ve \u00e7e\u015fitli g\u0131dalardan olu\u015fan bir beslenme d\u00fczeni ile sa\u011fl\u0131kl\u0131 ya\u015fam tarz\u0131n\u0131n bir par\u00e7as\u0131 olarak kullan\u0131lmal\u0131d\u0131r.<\/p>\n<p>A\u00e7\u0131lmam\u0131\u015fsa serin ve kuru bir yerde saklay\u0131n. \u015ei\u015fe a\u00e7\u0131ld\u0131ktan sonra kullan\u0131lmayan \u00fcr\u00fcn\u00fc buzdolab\u0131nda saklay\u0131n ve 30 g\u00fcn i\u00e7inde t\u00fcketin.<\/p>\n<p><em>*Hamile kad\u0131nlar, emziren anneler ve 12 ya\u015f\u0131n alt\u0131ndaki \u00e7ocuklar t\u00fcketmemelidir. \u0130la\u00e7 kullanan bireyler doktorlar\u0131na dan\u0131\u015fmal\u0131d\u0131r.<\/em><\/p>\n<\/div>\n","protected":false},"excerpt":{"rendered":"<p>Herbal Aloe Konsantre \u0130\u00e7ecek ile suyunuza lezzetli bir dokunu\u015f kat\u0131n. Bu hafif aromal\u0131 i\u00e7ecek, safla\u015ft\u0131r\u0131lm\u0131\u015f\u00a0<em>Aloe vera<\/em> suyu ile doludur ve s\u0131v\u0131 al\u0131m\u0131 ihtiya\u00e7lar\u0131n\u0131z\u0131 kar\u015f\u0131laman\u0131za yard\u0131mc\u0131 olmak i\u00e7in \u00f6zel olarak tasarlanm\u0131\u015ft\u0131r.\u00a0Herbal Aloe Konsantre \u0130\u00e7ecek, b\u00fct\u00fcn aloe yapra\u011f\u0131ndan elde edilen %40\u00a0<em>Aloe vera<\/em>\u00a0suyu i\u00e7erir.<em> Aloe bitkisi<\/em> elle toplan\u0131r ve size ferahlat\u0131c\u0131, d\u00fc\u015f\u00fck kalorili bir i\u00e7ecek sunmak i\u00e7in haz\u0131rlan\u0131r.\u00a0Her yudumda Herbal Aloe Konsantre \u0130\u00e7ece\u011finin enfes lezzetinin tad\u0131n\u0131 \u00e7\u0131kar\u0131n. G\u00fcnl\u00fck rutininizin vazge\u00e7ilmezi haline gelmesi garantili bir aloe i\u00e7ece\u011fi olu\u015fturmak i\u00e7in suyunuza eklemeniz yeterlidir.<\/p>\n","protected":false},"featured_media":987498190,"comment_status":"open","ping_status":"closed","template":"","meta":[],"product_brand":[],"product_cat":[541,533,543,100],"product_tag":[],"class_list":{"0":"post-987498151","1":"product","2":"type-product","3":"status-publish","4":"has-post-thumbnail","6":"product_cat-icecekler-ve-caylar","7":"product_cat-kilo-kontrolu-ve-setler","8":"product_cat-sivi-alimi","9":"product_cat-tum-urunler","11":"first","12":"instock","13":"sale","14":"taxable","15":"shipping-taxable","16":"purchasable","17":"product-type-simple"},"_links":{"self":[{"href":"https:\/\/sitenhazir.net\/flat\/wp-json\/wp\/v2\/product\/987498151","targetHints":{"allow":["GET"]}}],"collection":[{"href":"https:\/\/sitenhazir.net\/flat\/wp-json\/wp\/v2\/product"}],"about":[{"href":"https:\/\/sitenhazir.net\/flat\/wp-json\/wp\/v2\/types\/product"}],"replies":[{"embeddable":true,"href":"https:\/\/sitenhazir.net\/flat\/wp-json\/wp\/v2\/comments?post=987498151"}],"wp:featuredmedia":[{"embeddable":true,"href":"https:\/\/sitenhazir.net\/flat\/wp-json\/wp\/v2\/media\/987498190"}],"wp:attachment":[{"href":"https:\/\/sitenhazir.net\/flat\/wp-json\/wp\/v2\/media?parent=987498151"}],"wp:term":[{"taxonomy":"product_brand","embeddable":true,"href":"https:\/\/sitenhazir.net\/flat\/wp-json\/wp\/v2\/product_brand?post=987498151"},{"taxonomy":"product_cat","embeddable":true,"href":"https:\/\/sitenhazir.net\/flat\/wp-json\/wp\/v2\/product_cat?post=987498151"},{"taxonomy":"product_tag","embeddable":true,"href":"https:\/\/sitenhazir.net\/flat\/wp-json\/wp\/v2\/product_tag?post=987498151"}],"curies":[{"name":"wp","href":"https:\/\/api.w.org\/{rel}","templated":true}]}}