{"id":882,"date":"2023-10-26T14:30:47","date_gmt":"2023-10-26T14:30:47","guid":{"rendered":"https:\/\/ucuzsepeti.com\/?page_id=882"},"modified":"2026-02-17T01:02:31","modified_gmt":"2026-02-17T01:02:31","slug":"kvkk-politikasi","status":"publish","type":"page","link":"https:\/\/sitenhazir.net\/flat\/kvkk-politikasi\/","title":{"rendered":"KVKK Politikas\u0131"},"content":{"rendered":"<p>T\u00fcm m\u00fc\u015fteri ve ziyaret\u00e7ilerimizin ki\u015fisel verilerinin T\u00fcrkiye Cumhuriyeti Anayasas\u0131\u2019na, 6698 say\u0131l\u0131 Ki\u015fisel Verilerin Korunmas\u0131 Kanunu\u2019na ve ilgili di\u011fer mevzuata uygun olarak gizlili\u011fini ve g\u00fcvenli\u011fini sa\u011flamaya azami hassasiyet g\u00f6stermekteyiz. Ki\u015fisel verileriniz taraf\u0131m\u0131zca, 6698 say\u0131l\u0131 Ki\u015fisel Verilerin Korunmas\u0131 Kanunu ve ba\u011fl\u0131 mevzuat h\u00fck\u00fcmleri uyar\u0131nca ta\u015f\u0131m\u0131\u015f oldu\u011fumuz \u201cVeri Sorumlusu\u201d s\u0131fat\u0131yla a\u015fa\u011f\u0131da \u00e7izilmi\u015f olan \u00e7er\u00e7evede ve hukuki m\u00fckellefiyetlerimizin ifas\u0131 amac\u0131yla i\u015flenmektedir.<\/p>\n<p>1. Ki\u015fisel Verilerinizin G\u00fcvenli\u011finden ve \u0130\u015flenmesinden Kim Sorumludur?<\/p>\n<p>Bize verdi\u011finiz t\u00fcm ki\u015fisel verilerinizin g\u00fcvenli\u011finden 6698 say\u0131l\u0131 Ki\u015fisel Verilerin Korunmas\u0131 Kanunu uyar\u0131nca \u201cveri sorumlusu\u201d s\u0131fat\u0131yla sorumluyuz.<\/p>\n<p>2. Ki\u015fisel Verileriniz Hangi Ama\u00e7larla \u0130\u015flenir?<\/p>\n<p>Ki\u015fisel verileriniz \u00f6ncelikle, 6102 say\u0131l\u0131 T\u00fcrk Ticaret Kanunu, 6502 say\u0131l\u0131 T\u00fcketicinin Korunmas\u0131 Hakk\u0131nda Kanun, 213 say\u0131l\u0131 Vergi Usul Kanunu ba\u015fta olmak \u00fczere mevzuat h\u00fck\u00fcmlerinin taraf\u0131m\u0131za y\u00fcklemi\u015f oldu\u011fu m\u00fckellefiyetlerin yerine getirilebilmesi amac\u0131yla i\u015flenmektedir. Ki\u015fisel verileriniz hukuki m\u00fckellefiyetlerimizin yerine getirilmesinin yan\u0131nda, talep etti\u011finiz hizmetin en \u00fcst seviyede sunulmas\u0131, bir sonraki hizmet talebinizde profil kayd\u0131n\u0131z\u0131n haz\u0131r bulunmas\u0131, size uygun hizmetlerin h\u0131zl\u0131 ve en do\u011fru \u015fekilde belirlenmesi gibi ama\u00e7larla, en \u00f6nemli ilkemiz olan \u201cm\u00fc\u015fteri memnuniyeti\u201d temin maksad\u0131yla i\u015flenmektedir.<\/p>\n<p>Ki\u015fisel verileriniz, ayr\u0131ca, sizlere sunulan hizmetlerimizi geli\u015ftirmek, \u00fcr\u00fcn ve kampanyalar\u0131m\u0131z\u0131 duyurmak, y\u00f6netim ve ileti\u015fim faaliyetlerini ve stratejilerini do\u011fru olarak planlamak, y\u00fcr\u00fctmek ve y\u00f6netmek, internet sitesinde sunulan hizmetleri geli\u015ftirmek ve sitede olu\u015fan hatalar\u0131 gidermek, talep ve \u015fikayetlerinizi iletti\u011finizde taraf\u0131n\u0131zla ileti\u015fime ge\u00e7mek, talep ve \u015fikayetlerinizi y\u00f6netmek, hizmet kalitesini artt\u0131rmak, \u00fc\u00e7\u00fcnc\u00fc ki\u015filerin hizmet sa\u011flay\u0131c\u0131 olarak teknik, lojistik ve benzeri di\u011fer i\u015flevlerini bizim ad\u0131m\u0131za yerine getirmelerini sa\u011flamak ve gerekti\u011fi durumlarda \u00f6demelerinizin h\u0131zl\u0131 ve g\u00fcvenli bir \u015fekilde ger\u00e7ekle\u015fmesini sa\u011flamak gibi ama\u00e7larla da i\u015flenebilmektedir.<\/p>\n<p>3. Ki\u015fisel Verileriniz Kimlere, Hangi Ama\u00e7larla Aktar\u0131labilir?<\/p>\n<p>Ki\u015fisel verileriniz, taraf\u0131n\u0131za sunulan hizmetlerin tam ve kusursuz olmas\u0131n\u0131 temin edebilmek amac\u0131yla ve yaln\u0131zca hizmetin niteli\u011fiyle uygun d\u00fc\u015ft\u00fc\u011f\u00fc \u00f6l\u00e7\u00fcde i\u015f ve \u00e7\u00f6z\u00fcm ortaklar\u0131m\u0131z, bankalar ile teknik, lojistik ve benzeri di\u011fer i\u015flemleri bizim ad\u0131m\u0131za ger\u00e7ekle\u015ftiren \u00fc\u00e7\u00fcnc\u00fc ki\u015filerle payla\u015f\u0131labilmektedir. Bu \u00fc\u00e7\u00fcnc\u00fc ki\u015filer ilgili hizmetlerin tam ve kusursuz temin edilebilmesi i\u00e7in ilgili bilgilere ula\u015fmas\u0131 zorunlu olan ki\u015filerden ibarettir.<\/p>\n<p>Bunlar\u0131n haricinde hizmetin tam ve kusursuz olarak verilebilmesi i\u00e7in ba\u015fkaca \u00fc\u00e7\u00fcnc\u00fc ki\u015filerle verilerin payla\u015f\u0131lmak zorunda kal\u0131nmas\u0131, hukuki y\u00fck\u00fcml\u00fcl\u00fckleri yerine getirebilmemiz i\u00e7in zorunlu olmas\u0131, kanunlarda a\u00e7\u0131k\u00e7a \u00f6ng\u00f6r\u00fclm\u00fc\u015f olmas\u0131 yahut yasalara uygun olarak verilmi\u015f olan bir adli\/idari emir bulunmas\u0131 gibi hallerde de ki\u015fisel verileriniz -yaln\u0131zca ilgili ki\u015fi ya da kurumla s\u0131n\u0131rl\u0131 olmak \u00fczere- aktar\u0131labilecektir.<\/p>\n<p>Ki\u015fisel verilerin bir k\u0131sm\u0131, reklamlar\u0131n hedef kitleye uyarlanabilmesini sa\u011flamak amac\u0131yla, yaln\u0131zca di\u011fer kullan\u0131c\u0131lara ait bilgilerle birlikte toplu olarak anonimle\u015ftirilmi\u015f bir \u015fekilde reklam verenlerle payla\u015f\u0131labilir. Anonimle\u015ftirilmi\u015f veriler siz ziyaret\u00e7ilerimizle e\u015fle\u015ftirilemeyecek bilgiler olup, kimlik bilgilerinizi i\u00e7ermez ya da kimli\u011finizi belirlenebilir k\u0131lmaz. Anonimle\u015ftirilmi\u015f verilerde gizlili\u011finiz g\u00fcvence alt\u0131ndad\u0131r.<\/p>\n<p>4. Ki\u015fisel Verileriniz Hangi Y\u00f6ntemlerle ve Hangi Hukuki Sebeplere Dayan\u0131larak Toplan\u0131r?<\/p>\n<p>Ki\u015fisel verileriniz, s\u00f6zl\u00fc, yaz\u0131l\u0131 ya da elektronik ortamda, yukar\u0131da yer verilen ama\u00e7lar do\u011frultusunda hizmetlerimizin sunulabilmesi ve bu kapsamda s\u00f6zle\u015fmesel ve hukuki sorumluluklar\u0131m\u0131z\u0131n eksiksiz ve do\u011fru bir \u015fekilde yerine getirilebilmesi i\u00e7in 6102 say\u0131l\u0131 T\u00fcrk Ticaret Kanunu, 213 say\u0131l\u0131 Vergi Usul Kanunu, 6502 say\u0131l\u0131 T\u00fcketicinin Korunmas\u0131 Hakk\u0131nda Kanun, 6698 say\u0131l\u0131 Ki\u015fisel Verilerin Korunmas\u0131 Kanunu ba\u015fta olmak \u00fczere mevzuat h\u00fck\u00fcmlerinin taraf\u0131m\u0131za y\u00fcklemi\u015f oldu\u011fu m\u00fckellefiyetlerin yerine getirilebilmesi sebebiyle toplan\u0131r.<\/p>\n<p>5. \u0130\u015flenen Ki\u015fisel Verileriniz Nelerdir?<\/p>\n<p>Her t\u00fcrl\u00fc s\u00f6zl\u00fc, yaz\u0131l\u0131, elektronik ortamda, teknik ve sair y\u00f6ntemlerle; do\u011frudan ma\u011fazalar\u0131m\u0131z, internet sitelerimiz ve\/veya mobil uygulamalar\u0131m\u0131z, \u00e7a\u011fr\u0131 merkezi arac\u0131l\u0131\u011f\u0131 ile do\u011frudan bizimle payla\u015ft\u0131\u011f\u0131n\u0131z ki\u015fisel verileriniz ile i\u015f ve \u00e7\u00f6z\u00fcm ortaklar\u0131m\u0131zla payla\u015ft\u0131\u011f\u0131n\u0131z ki\u015fisel verilerinizdir.<\/p>\n<p>6. Ki\u015fisel Verileriniz Ne Kadar S\u00fcreyle Muhafaza Edilmektedir?<\/p>\n<p>Ki\u015fisel verileriniz mevzuatta daha uzun s\u00fcreler \u00f6ng\u00f6r\u00fclmemi\u015fse, T\u00fcrk Ticaret Kanunu\u2019nun 182. Maddesi ile T\u00fcrk Bor\u00e7lar Kanunu\u2019nun 146. Maddesi uyar\u0131nca azami 10(on) y\u0131l s\u00fcre ile muhafaza edilmektedir.<\/p>\n<p>7. Ki\u015fisel Verileriniz \u00dczerinde Sahip Oldu\u011funuz Haklar Nelerdir?<\/p>\n<p>6698 say\u0131l\u0131 Ki\u015fisel Verilerin Korunmas\u0131 Kanun\u2019u uyar\u0131nca herkes veri sorumlusuna ba\u015fvurarak kendisiyle ilgili;<\/p>\n<p>a. Ki\u015fisel veri i\u015flenip i\u015flenmedi\u011fini \u00f6\u011frenme,<\/p>\n<p>b. Ki\u015fisel verileri i\u015flenmi\u015fse buna ili\u015fkin bilgi talep etme,<\/p>\n<p>c. Ki\u015fisel verilerin i\u015flenme amac\u0131n\u0131 ve bunlar\u0131n amac\u0131na uygun kullan\u0131l\u0131p kullan\u0131lmad\u0131\u011f\u0131n\u0131 \u00f6\u011frenme,<\/p>\n<p>d. Yurt i\u00e7inde veya yurt d\u0131\u015f\u0131nda ki\u015fisel verilerin aktar\u0131ld\u0131\u011f\u0131 \u00fc\u00e7\u00fcnc\u00fc ki\u015fileri bilme,<\/p>\n<p>e. Ki\u015fisel verilerin eksik veya yanl\u0131\u015f i\u015flenmi\u015f olmas\u0131 h\u00e2linde bunlar\u0131n d\u00fczeltilmesini isteme,<\/p>\n<p>f. 7\u2019 nci maddede \u00f6ng\u00f6r\u00fclen \u015fartlar \u00e7er\u00e7evesinde ki\u015fisel verilerin silinmesini veya yok edilmesini isteme,<\/p>\n<p>g. (d) ve (e) bentleri uyar\u0131nca yap\u0131lan i\u015flemlerin, ki\u015fisel verilerin aktar\u0131ld\u0131\u011f\u0131 \u00fc\u00e7\u00fcnc\u00fc ki\u015filere bildirilmesini isteme,<\/p>\n<p>h. \u0130\u015flenen verilerin m\u00fcnhas\u0131ran otomatik sistemler vas\u0131tas\u0131yla analiz edilmesi suretiyle ki\u015finin kendisi aleyhine bir sonucun ortaya \u00e7\u0131kmas\u0131na itiraz etme,<\/p>\n<p>i. Ki\u015fisel verilerin kanuna ayk\u0131r\u0131 olarak i\u015flenmesi sebebiyle zarara u\u011framas\u0131 h\u00e2linde zarar\u0131n giderilmesini talep etme,<\/p>\n<p>haklar\u0131na sahiptir.<\/p>\n<p>Bu haklar\u0131n\u0131z\u0131 kullanmak i\u00e7in ba\u015fvuru formumuzu doldurarak talebinizi a\u015fa\u011f\u0131daki adresi \u0131slak imzal\u0131 olarak elden teslim edebilir veya e-posta adresimize g\u00f6nderebilirsiniz. Ayr\u0131ca web sitemizde bulunan ileti\u015fim formunu kullanmak suretiyle de ba\u015fvuru formunun iletebilirsiniz.<\/p>\n<p>Talebinizde kimlik bilgilerinizle birlikte kullanmak istedi\u011finiz hak\/talep a\u00e7\u0131k\u00e7a belirtilmeli ve talebinize konu t\u00fcm bilgi ve belgeyi de ekleyerek gerekli a\u00e7\u0131klamalar yap\u0131lmal\u0131d\u0131r.<\/p>\n<p>Taraf\u0131m\u0131za iletilen ve gerekli nitelikleri ta\u015f\u0131yan talepler, talebin niteli\u011fine g\u00f6re 30 (otuz) g\u00fcn i\u00e7inde sonu\u00e7land\u0131r\u0131lacak ve sonucu taraf\u0131n\u0131za talebinizde se\u00e7mi\u015f oldu\u011funuz geri bildirim usul\u00fcne uygun olarak yaz\u0131l\u0131 veya elektronik ortamda bildirilecektir.<\/p>\n","protected":false},"excerpt":{"rendered":"<p>T\u00fcm m\u00fc\u015fteri ve ziyaret\u00e7ilerimizin ki\u015fisel verilerinin T\u00fcrkiye Cumhuriyeti Anayasas\u0131\u2019na, 6698 say\u0131l\u0131 Ki\u015fisel Verilerin Korunmas\u0131 Kanunu\u2019na ve ilgili di\u011fer mevzuata uygun olarak gizlili\u011fini ve g\u00fcvenli\u011fini sa\u011flamaya azami hassasiyet g\u00f6stermekteyiz. Ki\u015fisel verileriniz taraf\u0131m\u0131zca, 6698 say\u0131l\u0131 Ki\u015fisel Verilerin Korunmas\u0131 Kanunu ve ba\u011fl\u0131 mevzuat h\u00fck\u00fcmleri uyar\u0131nca ta\u015f\u0131m\u0131\u015f oldu\u011fumuz \u201cVeri Sorumlusu\u201d s\u0131fat\u0131yla a\u015fa\u011f\u0131da \u00e7izilmi\u015f olan \u00e7er\u00e7evede ve hukuki m\u00fckellefiyetlerimizin ifas\u0131 [&#8230;]\n","protected":false},"author":2,"featured_media":0,"parent":0,"menu_order":0,"comment_status":"closed","ping_status":"closed","template":"","meta":{"footnotes":""},"class_list":["post-882","page","type-page","status-publish","hentry"],"_links":{"self":[{"href":"https:\/\/sitenhazir.net\/flat\/wp-json\/wp\/v2\/pages\/882","targetHints":{"allow":["GET"]}}],"collection":[{"href":"https:\/\/sitenhazir.net\/flat\/wp-json\/wp\/v2\/pages"}],"about":[{"href":"https:\/\/sitenhazir.net\/flat\/wp-json\/wp\/v2\/types\/page"}],"author":[{"embeddable":true,"href":"https:\/\/sitenhazir.net\/flat\/wp-json\/wp\/v2\/users\/2"}],"replies":[{"embeddable":true,"href":"https:\/\/sitenhazir.net\/flat\/wp-json\/wp\/v2\/comments?post=882"}],"version-history":[{"count":1,"href":"https:\/\/sitenhazir.net\/flat\/wp-json\/wp\/v2\/pages\/882\/revisions"}],"predecessor-version":[{"id":987498091,"href":"https:\/\/sitenhazir.net\/flat\/wp-json\/wp\/v2\/pages\/882\/revisions\/987498091"}],"wp:attachment":[{"href":"https:\/\/sitenhazir.net\/flat\/wp-json\/wp\/v2\/media?parent=882"}],"curies":[{"name":"wp","href":"https:\/\/api.w.org\/{rel}","templated":true}]}}